[INFO] cloning repository https://github.com/swuecho/sqlite_format_parse
[INFO] running `Command { std: "git" "-c" "credential.helper=" "-c" "credential.helper=/workspace/cargo-home/bin/git-credential-null" "clone" "--bare" "https://github.com/swuecho/sqlite_format_parse" "/workspace/cache/git-repos/https%3A%2F%2Fgithub.com%2Fswuecho%2Fsqlite_format_parse", kill_on_drop: false }`
[INFO] [stderr] Cloning into bare repository '/workspace/cache/git-repos/https%3A%2F%2Fgithub.com%2Fswuecho%2Fsqlite_format_parse'...
[INFO] running `Command { std: "git" "rev-parse" "HEAD", kill_on_drop: false }`
[INFO] [stdout] ec464d85bee94d4f2a3bb5d02fe0dc0829753d20
[INFO] checking swuecho/sqlite_format_parse against master#af3c6e733a40e671550e0f0f5aeecaa13772ba56 for pr-74989
[INFO] running `Command { std: "git" "clone" "/workspace/cache/git-repos/https%3A%2F%2Fgithub.com%2Fswuecho%2Fsqlite_format_parse" "/workspace/builds/worker-8/source", kill_on_drop: false }`
[INFO] [stderr] Cloning into '/workspace/builds/worker-8/source'...
[INFO] [stderr] done.
[INFO] validating manifest of git repo https://github.com/swuecho/sqlite_format_parse on toolchain af3c6e733a40e671550e0f0f5aeecaa13772ba56
[INFO] running `Command { std: "/workspace/cargo-home/bin/cargo" "+af3c6e733a40e671550e0f0f5aeecaa13772ba56" "read-manifest" "--manifest-path" "Cargo.toml", kill_on_drop: false }`
[INFO] started tweaking git repo https://github.com/swuecho/sqlite_format_parse
[INFO] removed path dependency sqlite from git repo https://github.com/swuecho/sqlite_format_parse
[INFO] finished tweaking git repo https://github.com/swuecho/sqlite_format_parse
[INFO] tweaked toml for git repo https://github.com/swuecho/sqlite_format_parse written to /workspace/builds/worker-8/source/Cargo.toml
[INFO] crate git repo https://github.com/swuecho/sqlite_format_parse already has a lockfile, it will not be regenerated
[INFO] running `Command { std: "/workspace/cargo-home/bin/cargo" "+af3c6e733a40e671550e0f0f5aeecaa13772ba56" "fetch" "--locked" "--manifest-path" "Cargo.toml", kill_on_drop: false }`
[INFO] [stderr] warning: dependency (sqlite) specified without providing a local path, Git repository, or version to use. This will be considered an error in future versions
[INFO] [stderr]     Updating crates.io index
[INFO] [stderr] error: the lock file /workspace/builds/worker-8/source/Cargo.lock needs to be updated but --locked was passed to prevent this
[INFO] [stderr] If you want to try to generate the lock file without accessing the network, use the --offline flag.
[INFO] the lockfile is outdated, regenerating it
[INFO] running `Command { std: "/workspace/cargo-home/bin/cargo" "+af3c6e733a40e671550e0f0f5aeecaa13772ba56" "generate-lockfile" "--manifest-path" "Cargo.toml" "-Zno-index-update", kill_on_drop: false }`
[INFO] running `Command { std: "/workspace/cargo-home/bin/cargo" "+af3c6e733a40e671550e0f0f5aeecaa13772ba56" "fetch" "--locked" "--manifest-path" "Cargo.toml", kill_on_drop: false }`
[INFO] [stderr] warning: dependency (sqlite) specified without providing a local path, Git repository, or version to use. This will be considered an error in future versions
[INFO] running `Command { std: "docker" "create" "-v" "/var/lib/crater-agent-workspace/builds/worker-8/target:/opt/rustwide/target:rw,Z" "-v" "/var/lib/crater-agent-workspace/builds/worker-8/source:/opt/rustwide/workdir:ro,Z" "-v" "/var/lib/crater-agent-workspace/cargo-home:/opt/rustwide/cargo-home:ro,Z" "-v" "/var/lib/crater-agent-workspace/rustup-home:/opt/rustwide/rustup-home:ro,Z" "-e" "SOURCE_DIR=/opt/rustwide/workdir" "-e" "CARGO_TARGET_DIR=/opt/rustwide/target" "-e" "CARGO_HOME=/opt/rustwide/cargo-home" "-e" "RUSTUP_HOME=/opt/rustwide/rustup-home" "-w" "/opt/rustwide/workdir" "-m" "1610612736" "--user" "0:0" "--network" "none" "rustops/crates-build-env@sha256:d92eaeed33fa75130ca1ee6c8a01d1ffb62bac859dfdfb3450e3e5d1c0146529" "/opt/rustwide/cargo-home/bin/cargo" "+af3c6e733a40e671550e0f0f5aeecaa13772ba56" "metadata" "--no-deps" "--format-version=1", kill_on_drop: false }`
[INFO] [stdout] ce4a6f85d06f6c339a5c32097fe071f5191e2abe60f9a04a3231624ef0df4ad1
[INFO] [stderr] WARNING: Your kernel does not support swap limit capabilities or the cgroup is not mounted. Memory limited without swap.
[INFO] running `Command { std: "docker" "start" "-a" "ce4a6f85d06f6c339a5c32097fe071f5191e2abe60f9a04a3231624ef0df4ad1", kill_on_drop: false }`
[INFO] running `Command { std: "docker" "inspect" "ce4a6f85d06f6c339a5c32097fe071f5191e2abe60f9a04a3231624ef0df4ad1", kill_on_drop: false }`
[INFO] running `Command { std: "docker" "rm" "-f" "ce4a6f85d06f6c339a5c32097fe071f5191e2abe60f9a04a3231624ef0df4ad1", kill_on_drop: false }`
[INFO] [stdout] ce4a6f85d06f6c339a5c32097fe071f5191e2abe60f9a04a3231624ef0df4ad1
[INFO] running `Command { std: "docker" "create" "-v" "/var/lib/crater-agent-workspace/builds/worker-8/target:/opt/rustwide/target:rw,Z" "-v" "/var/lib/crater-agent-workspace/builds/worker-8/source:/opt/rustwide/workdir:ro,Z" "-v" "/var/lib/crater-agent-workspace/cargo-home:/opt/rustwide/cargo-home:ro,Z" "-v" "/var/lib/crater-agent-workspace/rustup-home:/opt/rustwide/rustup-home:ro,Z" "-e" "SOURCE_DIR=/opt/rustwide/workdir" "-e" "CARGO_TARGET_DIR=/opt/rustwide/target" "-e" "CARGO_INCREMENTAL=0" "-e" "RUST_BACKTRACE=full" "-e" "RUSTFLAGS=--cap-lints=forbid" "-e" "CARGO_HOME=/opt/rustwide/cargo-home" "-e" "RUSTUP_HOME=/opt/rustwide/rustup-home" "-w" "/opt/rustwide/workdir" "-m" "1610612736" "--user" "0:0" "--network" "none" "rustops/crates-build-env@sha256:d92eaeed33fa75130ca1ee6c8a01d1ffb62bac859dfdfb3450e3e5d1c0146529" "/opt/rustwide/cargo-home/bin/cargo" "+af3c6e733a40e671550e0f0f5aeecaa13772ba56" "check" "--frozen" "--all" "--all-targets" "--message-format=json", kill_on_drop: false }`
[INFO] [stdout] 787aca2187994c19196e296f4e34b95bdbe733de7773720a6ca1cba233b7b2d0
[INFO] [stderr] WARNING: Your kernel does not support swap limit capabilities or the cgroup is not mounted. Memory limited without swap.
[INFO] running `Command { std: "docker" "start" "-a" "787aca2187994c19196e296f4e34b95bdbe733de7773720a6ca1cba233b7b2d0", kill_on_drop: false }`
[INFO] [stderr] warning: dependency (sqlite) specified without providing a local path, Git repository, or version to use. This will be considered an error in future versions
[INFO] [stderr]    Compiling sqlite3-src v0.2.12
[INFO] [stderr]     Checking sqlite3-sys v0.12.0
[INFO] [stderr]     Checking sqlite v0.25.3
[INFO] [stderr]     Checking sqlite_parser v0.1.0 (/opt/rustwide/workdir)
[INFO] [stdout] error[E0432]: unresolved import `sqlite::util`
[INFO] [stdout]  --> src/main.rs:6:13
[INFO] [stdout]   |
[INFO] [stdout] 6 | use sqlite::util::*;
[INFO] [stdout]   |             ^^^^ could not find `util` in `sqlite`
[INFO] [stdout] 
[INFO] [stdout] 
[INFO] [stdout] error[E0432]: unresolved import `sqlite::btree`
[INFO] [stdout]  --> src/main.rs:7:13
[INFO] [stdout]   |
[INFO] [stdout] 7 | use sqlite::btree::*;
[INFO] [stdout]   |             ^^^^^ could not find `btree` in `sqlite`
[INFO] [stdout] 
[INFO] [stdout] 
[INFO] [stdout] error[E0432]: unresolved import `sqlite::util`
[INFO] [stdout]  --> src/main.rs:6:13
[INFO] [stdout]   |
[INFO] [stdout] 6 | use sqlite::util::*;
[INFO] [stdout]   |             ^^^^ could not find `util` in `sqlite`
[INFO] [stdout] 
[INFO] [stdout] 
[INFO] [stdout] error[E0432]: unresolved import `sqlite::btree`
[INFO] [stdout]  --> src/main.rs:7:13
[INFO] [stdout]   |
[INFO] [stdout] 7 | use sqlite::btree::*;
[INFO] [stdout]   |             ^^^^^ could not find `btree` in `sqlite`
[INFO] [stdout] 
[INFO] [stdout] 
[INFO] [stdout] error[E0412]: cannot find type `FileHeader` in this scope
[INFO] [stdout]   --> src/main.rs:27:53
[INFO] [stdout]    |
[INFO] [stdout] 27 | fn parse_file_header(file_header_arr: &[u8;100]) -> FileHeader {
[INFO] [stdout]    |                                                     ^^^^^^^^^^ not found in this scope
[INFO] [stdout] 
[INFO] [stdout] 
[INFO] [stdout] error[E0422]: cannot find struct, variant or union type `FileHeader` in this scope
[INFO] [stdout]   --> src/main.rs:31:4
[INFO] [stdout]    |
[INFO] [stdout] 31 |    FileHeader {
[INFO] [stdout]    |    ^^^^^^^^^^ not found in this scope
[INFO] [stdout] 
[INFO] [stdout] 
[INFO] [stdout] error[E0425]: cannot find function `get2byte` in this scope
[INFO] [stdout]   --> src/main.rs:33:21
[INFO] [stdout]    |
[INFO] [stdout] 33 |         page_size:  get2byte(&file_header_arr[16..18]),
[INFO] [stdout]    |                     ^^^^^^^^ not found in this scope
[INFO] [stdout] 
[INFO] [stdout] 
[INFO] [stdout] error[E0425]: cannot find function `get4byte` in this scope
[INFO] [stdout]   --> src/main.rs:40:31
[INFO] [stdout]    |
[INFO] [stdout] 40 |         file_change_counter:  get4byte(&file_header_arr[24..28]),
[INFO] [stdout]    |                               ^^^^^^^^ not found in this scope
[INFO] [stdout] 
[INFO] [stdout] 
[INFO] [stdout] error[E0425]: cannot find function `get4byte` in this scope
[INFO] [stdout]   --> src/main.rs:41:31
[INFO] [stdout]    |
[INFO] [stdout] 41 |         first_freelist_page:  get4byte(&file_header_arr[32..36]),
[INFO] [stdout]    |                               ^^^^^^^^ not found in this scope
[INFO] [stdout] 
[INFO] [stdout] 
[INFO] [stdout] error[E0425]: cannot find function `get4byte` in this scope
[INFO] [stdout]   --> src/main.rs:42:32
[INFO] [stdout]    |
[INFO] [stdout] 42 |         number_freelist_page:  get4byte(&file_header_arr[36..40]),
[INFO] [stdout]    |                                ^^^^^^^^ not found in this scope
[INFO] [stdout] 
[INFO] [stdout] 
[INFO] [stdout] error[E0412]: cannot find type `FileHeader` in this scope
[INFO] [stdout]   --> src/main.rs:27:53
[INFO] [stdout]    |
[INFO] [stdout] 27 | fn parse_file_header(file_header_arr: &[u8;100]) -> FileHeader {
[INFO] [stdout]    |                                                     ^^^^^^^^^^ not found in this scope
[INFO] [stdout] 
[INFO] [stdout] 
[INFO] [stdout] error[E0422]: cannot find struct, variant or union type `FileHeader` in this scope
[INFO] [stdout]   --> src/main.rs:31:4
[INFO] [stdout]    |
[INFO] [stdout] 31 |    FileHeader {
[INFO] [stdout]    |    ^^^^^^^^^^ not found in this scope
[INFO] [stdout] 
[INFO] [stdout] 
[INFO] [stdout] error[E0425]: cannot find function `get2byte` in this scope
[INFO] [stdout]   --> src/main.rs:33:21
[INFO] [stdout]    |
[INFO] [stdout] 33 |         page_size:  get2byte(&file_header_arr[16..18]),
[INFO] [stdout]    |                     ^^^^^^^^ not found in this scope
[INFO] [stdout] 
[INFO] [stdout] 
[INFO] [stdout] error[E0425]: cannot find function `get4byte` in this scope
[INFO] [stdout]   --> src/main.rs:40:31
[INFO] [stdout]    |
[INFO] [stdout] 40 |         file_change_counter:  get4byte(&file_header_arr[24..28]),
[INFO] [stdout]    |                               ^^^^^^^^ not found in this scope
[INFO] [stdout] 
[INFO] [stdout] 
[INFO] [stdout] error[E0425]: cannot find function `get4byte` in this scope
[INFO] [stdout]   --> src/main.rs:41:31
[INFO] [stdout]    |
[INFO] [stdout] 41 |         first_freelist_page:  get4byte(&file_header_arr[32..36]),
[INFO] [stdout]    |                               ^^^^^^^^ not found in this scope
[INFO] [stdout] 
[INFO] [stdout] 
[INFO] [stdout] error[E0425]: cannot find function `get4byte` in this scope
[INFO] [stdout]   --> src/main.rs:42:32
[INFO] [stdout]    |
[INFO] [stdout] 42 |         number_freelist_page:  get4byte(&file_header_arr[36..40]),
[INFO] [stdout]    |                                ^^^^^^^^ not found in this scope
[INFO] [stdout] 
[INFO] [stdout] 
[INFO] [stdout] error: aborting due to 8 previous errors
[INFO] [stdout] 
[INFO] [stdout] 
[INFO] [stdout] Some errors have detailed explanations: E0412, E0422, E0425, E0432.
[INFO] [stdout] 
[INFO] [stdout] For more information about an error, try `rustc --explain E0412`.
[INFO] [stdout] 
[INFO] [stdout] error: aborting due to 8 previous errors
[INFO] [stdout] 
[INFO] [stdout] 
[INFO] [stdout] Some errors have detailed explanations: E0412, E0422, E0425, E0432.
[INFO] [stdout] 
[INFO] [stdout] For more information about an error, try `rustc --explain E0412`.
[INFO] [stdout] 
[INFO] [stderr] error: could not compile `sqlite_parser`.
[INFO] [stderr] 
[INFO] [stderr] To learn more, run the command again with --verbose.
[INFO] [stderr] warning: build failed, waiting for other jobs to finish...
[INFO] [stderr] error: build failed
[INFO] running `Command { std: "docker" "inspect" "787aca2187994c19196e296f4e34b95bdbe733de7773720a6ca1cba233b7b2d0", kill_on_drop: false }`
[INFO] running `Command { std: "docker" "rm" "-f" "787aca2187994c19196e296f4e34b95bdbe733de7773720a6ca1cba233b7b2d0", kill_on_drop: false }`
[INFO] [stdout] 787aca2187994c19196e296f4e34b95bdbe733de7773720a6ca1cba233b7b2d0
